when m(-3) is divided by r?
51
Let g = 6 + -4. Suppose -29 = 4*t + 2*u - 41, -21*t + 90 = -3*u. Calculate the remainder when t is divided by g.
0
Suppose -59*x = -75*x + 36*x - 1560. What is the remainder when 623 is divided by x?
77
Suppose -2*v - 5 = -1, -4*g + 4*v = -20. Suppose -p + 114*a = 109*a - 51, 5*a - 129 = -4*p. Calculate the remainder when p is divided by -13*(g/1)/(-3).
10
What is the remainder when 935 is divided by 1*4 + (-12 - (-14 + -6))?
11
Let t(o) = -o**2 - 12*o + 11. Let i be 3/2 + 432/(-32). Suppose -w = -7*w + 192. What is the remainder when w is divided by t(i)?
10
Suppose 2*z = 5*u - 951, -u + 201 = -74*z + 70*z. Calculate the remainder when u is divided by 6/21 - (-334)/7.
45
Suppose -y + 0*y + 142 = -4*b, 3*b - 5*y + 115 = 0. Let s = 51 + b. What is the remainder when s*1*140/56 is divided by 11?
7
Suppose -180 = -75*c + 24 + 696. Calculate the remainder when 910 is divided by c.
10
Let s(j) = 248*j**2 - 21*j + 4. Calculate the remainder when s(-1) is divided by 41.
27
Let o = 4575 + -3228. Calculate the remainder when o is divided by 5.
2
Suppose 30 = 4*o + 2. Suppose 0 = -0*s + o*s - 126. Calculate the remainder when 4/18 - 122/s*-1 is divided by 4.
3
Suppose -24*a - 1732 = 3308. Calculate the remainder when 110 is divided by (-6 + -2)*(a/(-8))/(-7).
20
Let w be 18/9 + (-3 - -2). What is the remainder when 6/8 - (w - (-3255)/(-28)) is divided by 20?
16
Suppose -4*p + 10972 = -4*a, 2*a - 4*p = 805 - 6287. Let z = -591 + 630. What is the remainder when 1/(-2) - a/18 is divided by z?
35
Suppose -19 + 3 = 4*l. Let d(m) = -m**3 + 11*m**2 - 11*m + 55. Calculate the remainder when d(10) is divided by l/14 - (-430)/35.
9
Suppose -c - 89 = a - 494, -3*a + 3*c = -1233. Calculate the remainder when a is divided by 131.
15
Let c be 56/8 + (-4 - 41). What is the remainder when 14*9/(-18)*c/1 is divided by 39?
32
Suppose 12*c = 16*c - 64. Suppose -13*q = -c*q + 9. Let x(h) = 23*h - 22. Calculate the remainder when x(q) is divided by 25.
22
Suppose 8*y = 4*p + 7*y - 1803, 2*y = -2*p + 884. What is the remainder when p is divided by 51?
41
Suppose -332*v + 333*v + 23 = 3*p, 2*v + 30 = 4*p. What is the remainder when 1676 is divided by p?
4
Suppose -5*v = -30, -2*v - 2063 + 5207 = 4*p. Calculate the remainder when p is divided by 36.
27
Let i = -24 + 34. Suppose i*k - 13*k + 261 = 0. Suppose -3*v - 3*c = -k, -5*v + 145 = -0*v - 4*c. Calculate the remainder when 173 is divided by v.
28
Suppose -7*u = -2*u. Suppose -3*k = g + 11, u*k - 5*k - g - 19 = 0. Let w = 15 + k. What is the remainder when 43 is divided by w?
10
Suppose -5*k = 53 - 178. Let q(r) = 3*r - 68. Calculate the remainder when 12 is divided by q(k).
5
Suppose 5*f + 535 = -3*p, -p + 4*f - 342 = p. Let h = -131 - p. What is the remainder when h is divided by 14?
2
Let d = -45 + 69. Suppose -i = l - 3*i - 494, 1492 = 3*l - 4*i. Suppose -6 = -506*k + l*k. What is the remainder when d is divided by k?
0
Let a be (-2)/((-40)/5 - -6). Suppose 4*o - a = 11. What is the remainder when 4 is divided by o?
1
Suppose 0 = 153*k - 18822 + 731 - 5471. What is the remainder when 3078 is divided by k?
152
Let s(v) = 1247*v + 1256. Calculate the remainder when 4013 is divided by s(-1).
8
Suppose 4*d - 477 = 4*n - n, 3*d = -4*n + 364. Suppose 30 - d = 15*l. What is the remainder when (l/(-48)*38)/(1/52) is divided by 31?
30
Suppose -80 = -10*b - 0*b. Suppose -150 = 5*q - b*q. Calculate the remainder when q is divided by 9.
5
Let x(i) = -416*i + 4088. Let n be x(9). Suppose 0 = -2*y + y + 3. Suppose y*b - n = b. What is the remainder when b is divided by 25?
22
Suppose -4*t - 14 = y, -3*y + 61 = -t + 38. What is the remainder when 448 is divided by y?
4
Let j(c) = -2*c + 110. Let d be j(18). Let i(p) = 4*p**2 - 2*p - 4. Let q be i(5). Let n = q - d. Calculate the remainder when 45 is divided by n.
9
Let y(l) = l + 38. Let t be y(-27). Suppose -t*n = 26*n - 888. What is the remainder when 47 is divided by n?
23
Let f(m) = -m**2 + 10*m + 11. Let a(r) = -r**3 - 15*r**2 + 33*r - 7. Let p be a(-17). What is the remainder when 20 is divided by f(p)?
9
Let u be (152 + 3)/5 + 4. Suppose 5*r + 15 = 4*c + 52, 4*c - u = -3*r. Calculate the remainder when 177 is divided by r.
6
Let t(h) = 24*h - 23 - 5*h - 8*h. Let i be t(8). Suppose -3*w + i = 2*w. Calculate the remainder when 22 is divided by w.
9
Let f(p) = p**3 - 17*p**2. Let d be f(17). Suppose d = -9*o + 11 + 115. Calculate the remainder when 389 is divided by o.
11
Suppose -168*u + 60794 = 101*u. Calculate the remainder when 5647 is divided by u.
223
Suppose 6*f = 3*f + 207. Suppose -133 = 3*z + 2*g, 4*z + 243 = -z + 2*g. Let x = z + 82. Calculate the remainder when f is divided by x.
34
Let q be (-33)/(-6)*(2 - (-14 + 4)). Let x be (1 + -88)/(6/4). Let u = q + x. Calculate the remainder when u is divided by 3.
2
Calculate the remainder when ((-2184)/(-20))/(4/20) is divided by (8/(-6))/(10/(-75)).
6
Suppose 4*d - 639 + 235 = -t, -2*d = -7*d. Calculate the remainder when t is divided by 143.
118
Let i(g) = -6*g**2 + 40*g + 4. Let w be i(7). Calculate the remainder when (w/2)/(-6 - (-281)/47) is divided by 14.
11
Let f = -2994 - -3100. Calculate the remainder when 478 is divided by f.
54
Let q(p) = 42*p - 433. Let y(n) = -14*n + 144. Let l(a) = 3*q(a) + 8*y(a). Calculate the remainder when l(11) is divided by 7.
0
Suppose -93*q = 1521 - 10148 - 3370. What is the remainder when q is divided by 37?
18
Suppose -1165 = -5*g - 442 + 932. Calculate the remainder when g is divided by 202.
129
Let b be (-2)/6 + (-200)/(-6). Let k be 10/120*6 - (-94)/(-4). Let n = k + b. What is the remainder when 87 is divided by n?
7
Let y be (7 + (-20)/3)*438. Suppose 0 = -4*d - m + y, -16 = -5*m - 26. Calculate the remainder when d is divided by 4.
1
Suppose -153915 = -18*r - 21111. What is the remainder when r is divided by 90?
88
Let b(g) = 110*g - 2. Let i = 270 - 269. What is the remainder when b(i) is divided by 55?
53
Let k = 315 - -178. Let j = -286 + k. Calculate the remainder when j is divided by 13.
12
Let y(x) = -2*x**3 + 3*x + 4. Suppose -6174*s = -6182*s + 216. What is the remainder when y(-3) is divided by s?
22
Let q = -14 - -17. Let i be ((-4)/(-6)*-3)/(4/(-74)). Suppose 5*u - i - 85 = -q*r, u - r - 18 = 0. What is the remainder when 87 is divided by u?
21
Suppose 90 = -90*b + 100*b. Calculate the remainder when 17 is divided by b.
8
Let r(j) = 49*j + 187. Suppose -5*h = -15 - 0. Suppose 0 = -5*o - h*p + 153, -6*o - 4*p + 154 = -o. Calculate the remainder when r(-3) is divided by o.
10
Let m be -3*((-5)/30)/((-2)/2428). Let c = 619 + m. What is the remainder when 550 is divided by c?
10
Let k(r) be the second derivative of r**4/6 + 49*r**3/6 - 53*r**2/2 - 51*r. Calculate the remainder when -4 + 6 - 1*-47 is divided by k(-26).
24
Let v(d) be the second derivative of -23*d**3/3 - 11*d**2 + 141*d. Calculate the remainder when v(-7) is divided by 22.
14
Let b = -7942 - -7958. What is the remainder when 154 is divided by b?
10
Let f(r) = 241 - 3*r - 221 + 0*r. Let q be f(-11). Suppose -630 = 46*v - q*v. Calculate the remainder when v is divided by 7.
6
Suppose 0 = -20*t + 10116 + 8484. What is the remainder when t is divided by 85?
80
Suppose -27*u + 59*u - 2048 = 0. Calculate the remainder when u is divided by 40.
24
Let f be (-1430)/385 - 2/7. Calculate the remainder when 86 is divided by (-2 - f - -40) + 3.
41
Let h = -427 - -617. Let x = 202 - h. What is the remainder when 21 is divided by x?
9
Let j = 237 + -158. Suppose 4*m + j - 343 = 0. What is the remainder when 34 is divided by 25/3 + 44/m?
7
Suppose -2*o + 19 = -o. Let w = 58 - o. Suppose -u + w = l - 3*u, l = -2*u + 23. What is the remainder when l is divided by 8?
7
Suppose 5*u - 3 = 2*r, 0*r + 12 = r + 2*u. Suppose -389*d + 564 = -367*d - 74. Calculate the remainder when d is divided by r.
5
Let k = 20840 + -20565. Calculate the remainder when k is divided by 120.
35
Let g = 1357 - 1168. What is the remainder when 199 is divided by g?
10
Let u = -2761 + 2803. What is the remainder when 61 is divided by u?
19
Let o be (-10)/45 - ((-141)/(-27))/(-1). Suppose 3*b + 101 = 4*d, -o*b - 3 = -4*b. Calculate the remainder when 61 is divided by d.
15
Suppose 0 = 4*i - 17 - 23. Let s be -7 + -3*60